ommon divisor of g and a?
2
Let y be (-20)/6 + 3 - (-104)/6. Let q(a) = 20 - 14 - 9 - y*a. Let j be q(-3). What is the greatest common divisor of j and 16?
16
Let l = -9355 - -9589. What is the highest common factor of 2925 and l?
117
Let g(k) = 4*k**2 - k - 2. Let r be g(-2). Let v = 1679 + -780. Suppose -p = 819 - v. Calculate the highest common factor of p and r.
16
Let j(b) = b**2 + 4*b + 168. Let t be j(17). Let h = -509 + t. What is the highest common divisor of h and 52?
4
Let x be (-22)/(-3 - (5 + -6)). Suppose -x*j - 4*j = -420. Calculate the highest common divisor of 4 and j.
4
Let h(g) = 83*g - 371. Let n be h(43). Calculate the highest common factor of 26 and n.
26
Suppose -15*n - 117 = -132. Let p be (-64)/(-3) - n/(2 - -1). Suppose 5*u - 42 = 2*u. Calculate the greatest common divisor of u and p.
7
Let v be (-68)/(-8) - ((-171)/18 + 15). What is the highest common divisor of 13521 and v?
3
Let v = 426 - 354. Let m(k) = 2*k + 2. Let r be m(12). Let q = -20 + r. Calculate the highest common divisor of v and q.
6
Suppose -3*a = -4*c + 1141, 22*a + 28 = 18*a. What is the highest common divisor of c and 6680?
40
Let d = 734 - 439. Suppose -428*q + 22150 - 766 + 29120 = 0. What is the greatest common divisor of q and d?
59
Let d = 1 + 4. Suppose 2*l + d*i = -452 - 68, -i - 266 = l. Let v = 459 + l. What is the highest common divisor of v and 21?
21
Let p(w) = -2*w - 79. Let s be p(-42). Suppose -5*h + 4*c + 0*c + 78 = 0, -s*h = -3*c - 81. Calculate the highest common divisor of h and 162.
18
Let p be (-40)/(-12)*72/20. Let k(c) = -c + 24. Let w be k(9). Calculate the greatest common factor of p and w.
3
Suppose 0 = -3*i - b + 611, i - 3*i + 398 = 3*b. Suppose -3*z + 4*z - i = -5*s, 2*z - 130 = -3*s. Calculate the greatest common divisor of s and 680.
40
Let x = 699 - 684. Let m be (7 + -124)*(-5)/x. What is the greatest common divisor of 741 and m?
39
Suppose -28568 = -127*x - 120. Calculate the greatest common factor of 7232 and x.
32
Suppose 0 = -65*c + 69*c - 136. Suppose 7*o + 16 = 1087. Calculate the highest common factor of o and c.
17
Let u(j) = -j**2 - 18*j + 20. Let q be u(-10). Suppose q = 12*i - 524. Calculate the highest common factor of i and 13.
13
Let i(n) = 39*n + 2611. Let t be i(-64). Calculate the highest common divisor of t and 605.
5
Suppose t - 25 = -3. Let d be 356/(-979) + (-474)/(-33). What is the highest common factor of d and t?
2
Let g be 18/45*15 + 3. Let u be 4819/g + 264/(-594). Calculate the highest common factor of 428 and u.
107
Let u = -293 + 1069. Calculate the greatest common divisor of 4462 and u.
194
Let a(n) = -2996*n + 6156. Let j be a(2). Calculate the greatest common divisor of 3034 and j.
82
Suppose -7*i + 4*i = -11070. What is the highest common factor of 5 and i?
5
Suppose 137*a - 78*a - 75*a = -1584. Calculate the greatest common divisor of a and 1254.
33
Suppose 5*q - 2*q = 3, -5*q = 3*v - 329. Let d be (v + -74)/(4/22). What is the highest common divisor of 51 and d?
17
Suppose 39*m - 35*m = 120. Suppose m*q - 1344 - 696 = 0. What is the greatest common divisor of 119 and q?
17
Suppose -5 = -7*s + 37. Let p be (-14)/s - (-3)/9. Let w be (-4 - -14)*((-72)/15)/p. Calculate the highest common divisor of w and 6.
6
Let c be 1134/3*(-1 - 3*(-10)/12). Calculate the highest common divisor of 357 and c.
21
Let n(w) = -w**2 - 48*w + 1984. Let c be n(-74). What is the greatest common divisor of c and 37140?
60
Let x = -16310 - -16348. Calculate the highest common factor of 6194 and x.
38
Let o be 10/((4/7)/((-8)/(-28))). Suppose o*b + 5*h = 140, 3*b + 10 = 5*h + 134. Let q be b/((-8 - -5)/(-3)). What is the highest common factor of 99 and q?
33
Suppose 637*d = 632*d + 3*u + 288, -3*d + 196 = 4*u. Let j = 18 + -3. What is the highest common factor of d and j?
15
Suppose -54*b + 177 = -42*b + l, -2*b - l + 27 = 0. Calculate the greatest common factor of 30435 and b.
15
Suppose 193*b - 165*b = 12740. What is the highest common factor of 140 and b?
35
Let i be ((-1)/1)/((-31)/155). Let x be i/2*7/(35/110). Let r = -93 + 137. Calculate the greatest common factor of x and r.
11
Suppose 66 = 237*p - 236*p. Calculate the highest common divisor of 4323 and p.
33
Let n(q) = -q**3 - 39*q**2 + 2*q + 87. Let j be 1*230/(-6) + (-18)/27. Let a be n(j). Calculate the highest common factor of 117 and a.
9
Suppose 3*r - 13 = -67. Let q(j) = -2*j**2 - 37*j - 16. Let y be q(r). Calculate the highest common factor of y and 32.
2
Let t = 90 + -65. Suppose 0 = 4*h - 4*y - 220, 5*y + t = 10*y. What is the highest common divisor of h and 270?
30
Let h(n) = -10*n + 256. Let z be h(32). Let i = -137 + 85. Let j = i - z. What is the greatest common factor of j and 84?
12
Let p(w) = -w**3 - 11*w**2 - 16*w - 54. Let v be p(-10). Let q be ((1155/(-28))/11)/(v/(-16)). What is the highest common factor of q and 10?
10
Let l = 944 - -48. Suppose 11*d = -5*d + l. Calculate the greatest common factor of 310 and d.
62
Let q be 7 - ((-2 - -5) + 0). Let n(p) = -3*p + 2. Let j be n(1). Let i = j + 11. What is the highest common factor of i and q?
2
Let g be 9/(-2)*10/(-35)*7. Suppose h + g = 54. What is the highest common factor of 9 and h?
9
Let h(r) = -450*r - 9241. Let z be h(-21). What is the highest common factor of z and 121?
11
Let p = 14940 - 14925. Calculate the greatest common divisor of p and 2655.
15
Let n be 4/((1600/18768)/25). What is the highest common factor of 153 and n?
51
Let v be 8 - -119 - 2/(-2). Suppose -192 = -3*t - j, -2*t + j = 3*j - v. Calculate the highest common factor of t and 48.
16
Let r be (0 - (-6 - 162/(-30)))*1205. Let y = r - 707. Calculate the highest common factor of 148 and y.
4
Let p(u) = -u**2 + 37*u - 105. Let o be p(33). Suppose -o*c = 14*c - 3157. Calculate the greatest common factor of 11 and c.
11
Suppose 105*w = 625450 + 192290. Calculate the greatest common divisor of w and 33.
33
Suppose -27 = -2*t - 29, -6*k - 5*t = -355. Calculate the greatest common factor of k and 165.
15
Suppose a - 1 = 5. Let f = -53 - -53. Suppose -a*c + 8*c - 48 = f. What is the highest common factor of c and 36?
12
Let p(l) = l**2 + 9 + 2 - 6. Let s be p(5). Suppose -4*q = -3*k + 7*k - 148, -q + 157 = 4*k. What is the highest common factor of k and s?
10
Suppose -764 = -i + 3*v, 0 = i + 5*v - 0*v - 732. Suppose -645 = 11*r + i. Let m = -113 - r. Calculate the highest common factor of m and 21.
7
Let a(m) = 2*m + 52. Let b be a(-26). Suppose -5*k + b*k = -l + 108, 2*k = -5*l + 432. Calculate the greatest common factor of l and 33.
11
Suppose -7*v - 96 = -124. Suppose 5*u - 2*y = 90, 0*y - 20 = -v*y. Calculate the highest common factor of 410 and u.
10
Let g(v) = 17*v + 5. Let n be g(3). Let c be (-673)/9 - (-50)/(-225). Let f = c - -89. What is the highest common factor of n and f?
14
Suppose -8*l - 4*p = -13*l + 56757, 3*l + 5*p = 34032. Calculate the highest common factor of l and 468.
117
Let c(i) = 4*i - 108. Let m be c(34). Let r be ((-100)/(-70))/(4/m). What is the greatest common divisor of r and 10?
10
Suppose -796*u = 2*f - 792*u - 70, 115 = 3*f - 4*u. What is the greatest common divisor of 17 and f?
1
Suppose -3*i + 84 = 30. Let g = 892 + -560. Suppose 962 = 5*x + g. Calculate the greatest common divisor of i and x.
18
Let b(h) be the first derivative of h**3/3 + 3*h**2 - 16*h - 12. Let o be b(-9). Suppose 10*w - o = -w. What is the greatest common factor of w and 3?
1
Suppose 4*x - 2*v - 359 = 3*v, 4*v - 404 = -4*x. Let r = 41915 + -41831. Calculate the greatest common divisor of r and x.
12
Let f(a) = -2331*a**3 + 345*a**2 + 344*a. Let l be f(-1). Calculate the highest common factor of 308 and l.
44
Suppose 0 = 12*o - 107 - 481. Let f = -5 + 3. Let a be 7 + (0/2)/f. Calculate the greatest common factor of a and o.
7
Suppose -h + 5 = 0, -24 = -2*v - 3*h + 5. Suppose 4 = -4*p - 11*q + 8*q, 3*q = -p - 10. Calculate the highest common divisor of p and v.
1
Suppose 1 = -i, -3*s - 2*i + 4388 + 2717 = 0. Calculate the greatest common factor of s and 309.
103
Let k = -22 - -1. Let r = k + 33. Let p = -71 + 83. Calculate the highest common factor of r and p.
12
Suppose -206*u + 168*u + 1672 = 0. What is the greatest common divisor of u and 52?
4
Let g be (-841 + 123)*(-52)/8. What is the highest common f